{"id":513,"date":"2026-02-27T13:14:39","date_gmt":"2026-02-27T12:14:39","guid":{"rendered":"https:\/\/sarahlafon.fr\/?page_id=513"},"modified":"2026-03-20T14:07:47","modified_gmt":"2026-03-20T13:07:47","slug":"mentions-legales","status":"publish","type":"page","link":"https:\/\/sarahlafon.fr\/index.php\/mentions-legales\/","title":{"rendered":"Mentions L\u00e9gales"},"content":{"rendered":"<p>[et_pb_section fb_built=\u00a0\u00bb1&Prime; admin_label=\u00a0\u00bbFooter\u00a0\u00bb _builder_version=\u00a0\u00bb4.27.4&Prime; _module_preset=\u00a0\u00bbdefault\u00a0\u00bb background_color=\u00a0\u00bb#FFFFFF\u00a0\u00bb saved_tabs=\u00a0\u00bball\u00a0\u00bb locked=\u00a0\u00bboff\u00a0\u00bb collapsed=\u00a0\u00bbon\u00a0\u00bb global_colors_info=\u00a0\u00bb{}\u00a0\u00bb][et_pb_row custom_padding_last_edited=\u00a0\u00bbon|tablet\u00a0\u00bb _builder_version=\u00a0\u00bb4.27.4&Prime; _module_preset=\u00a0\u00bbdefault\u00a0\u00bb background_enable_color=\u00a0\u00bboff\u00a0\u00bb custom_padding=\u00a0\u00bb16px|80px|16px|80px|true|true\u00a0\u00bb custom_padding_tablet=\u00a0\u00bb40px|40px|40px|40px|true|true\u00a0\u00bb custom_padding_phone=\u00a0\u00bb20px|20px|20px|20px|true|true\u00a0\u00bb box_shadow_style=\u00a0\u00bbpreset1&Prime; locked=\u00a0\u00bboff\u00a0\u00bb global_colors_info=\u00a0\u00bb{}\u00a0\u00bb][et_pb_column type=\u00a0\u00bb4_4&Prime; _builder_version=\u00a0\u00bb4.20.0&Prime; _module_preset=\u00a0\u00bbdefault\u00a0\u00bb global_colors_info=\u00a0\u00bb{}\u00a0\u00bb][et_pb_text _builder_version=\u00a0\u00bb4.27.4&Prime; _module_preset=\u00a0\u00bb8240f876-b4d7-42f3-ac3a-00d01c45cbf4&Prime; text_font=\u00a0\u00bb&#8211;et_global_heading_font||||||||\u00a0\u00bb text_text_color=\u00a0\u00bb#000000&Prime; text_font_size=\u00a0\u00bb28px\u00a0\u00bb header_font=\u00a0\u00bb&#8211;et_global_heading_font||||||||\u00a0\u00bb header_text_color=\u00a0\u00bb#FFFFFF\u00a0\u00bb header_3_text_color=\u00a0\u00bb#000000&Prime; text_orientation=\u00a0\u00bbcenter\u00a0\u00bb global_colors_info=\u00a0\u00bb{}\u00a0\u00bb]<\/p>\n<h3 data-start=\"5631\" data-end=\"5649\">Conditions G\u00e9n\u00e9rales de Vente (CGV)<\/h3>\n<p>[\/et_pb_text][et_pb_text _builder_version=\u00a0\u00bb4.27.4&Prime; _module_preset=\u00a0\u00bb8240f876-b4d7-42f3-ac3a-00d01c45cbf4&Prime; text_font=\u00a0\u00bb||||||||\u00a0\u00bb text_text_color=\u00a0\u00bb#000000&Prime; text_line_height=\u00a0\u00bb2.4em\u00a0\u00bb header_font=\u00a0\u00bb&#8211;et_global_heading_font||||||||\u00a0\u00bb header_text_color=\u00a0\u00bb#FFFFFF\u00a0\u00bb header_3_font=\u00a0\u00bb||||||||\u00a0\u00bb header_3_text_color=\u00a0\u00bb#712f21&Prime; hover_enabled=\u00a0\u00bb0&Prime; global_colors_info=\u00a0\u00bb{}\u00a0\u00bb sticky_enabled=\u00a0\u00bb0&Prime;]<\/p>\n<p data-start=\"5631\" data-end=\"5649\">Editeur<br \/>Le site sarahlafon.fr est \u00e9dit\u00e9 par Sarah LAFON auto entreprise immatricul\u00e9e sous le<br \/>num\u00e9ro Siret 3441458200015<br \/>Si\u00e8ge social : 28 boulevard de Lagny \u2013 77600 BUSSY ST GEORGES<br \/>T\u00e9l\u00e9phone : 06 50 16 22 40<br \/>Directeur de publication : LAFON Sarah<\/p>\n<p><strong>H\u00e9bergeur<\/strong><br \/>OVH France<br \/>2 rue Kellermann \u2013 59100 Roubaix \u2013 France<br \/>T\u00e9l\u00e9phone : +33899701761<\/p>\n<p><strong>Cr\u00e9dits<\/strong><br \/>Conception et r\u00e9alisation du site : Sarah LAFON.<br \/>Web designer: Ecole 89 Deep Tech &#8211; 1 avenue Joseph Froelicher &#8211; 77164 Ferri\u00e8re en Brie<\/p>\n<p><strong>Condition d&rsquo;utilisation<\/strong><br \/>L\u2019utilisation du pr\u00e9sent site implique l\u2019acceptation pleine et enti\u00e8re des conditions g\u00e9n\u00e9rales d\u2019utilisation d\u00e9crites ci-apr\u00e8s. Ces conditions d\u2019utilisation sont susceptibles d\u2019\u00eatre modifi\u00e9es ou compl\u00e9t\u00e9es \u00e0 tout moment.<\/p>\n<p><strong>Informations<\/strong><br \/>Les informations et documents du site sont pr\u00e9sent\u00e9s \u00e0 titre indicatif, ne rev\u00eatent pas un caract\u00e8re exhaustif, et ne peuvent engager la responsabilit\u00e9 du propri\u00e9taire du site.<\/p>\n<p>Le propri\u00e9taire du site ne peut \u00eatre tenu responsable des dommages directs et indirects cons\u00e9cutifs \u00e0 l\u2019acc\u00e8s au site.<\/p>\n<p><strong>Interactivit\u00e9<\/strong><br \/>Les utilisateurs du site peuvent \u00e9ventuellement y d\u00e9poser du contenu, apparaissant sur le site dans des espaces d\u00e9di\u00e9s (notamment via les commentaires). Le contenu d\u00e9pos\u00e9 reste sous la responsabilit\u00e9 de leurs auteurs, qui en assument pleinement l\u2019enti\u00e8re responsabilit\u00e9 juridique.<\/p>\n<p>Le propri\u00e9taire du site se r\u00e9serve le droit de retirer sans pr\u00e9avis et sans justification tout<br \/>contenu d\u00e9pos\u00e9 par les utilisateurs qui ne satisferait pas \u00e0 la charte d\u00e9ontologique du site ou \u00e0 la l\u00e9gislation en vigueur.<\/p>\n<p><strong>Propri\u00e9t\u00e9 intellectuelle<\/strong><br \/>L\u2019ensemble du site, y compris sa structure et son contenu (textes, tableaux, graphiques, images, photographies, vid\u00e9os, sons, bases de donn\u00e9es, applications et logiciels), est prot\u00e9g\u00e9 par le droit d\u2019auteur et de propri\u00e9t\u00e9 intellectuelle de l\u2019\u00e9diteur ou de ses fournisseurs et prestataires.<\/p>\n<p>Toute repr\u00e9sentation, reproduction, adaptation, modification ou exploitation non autoris\u00e9e est interdite et susceptible de constituer une contrefa\u00e7on au sens des articles L. 335-2 et suivants du Code de la propri\u00e9t\u00e9 intellectuelle.<\/p>\n<p><strong>Liens<\/strong><br \/>Liens sortants : Le propri\u00e9taire du site d\u00e9cline toute responsabilit\u00e9 et n\u2019est pas engag\u00e9 par le r\u00e9f\u00e9rencement via des liens hypertextes, de ressources tierces pr\u00e9sentes sur le r\u00e9seau Internet, tant en ce qui concerne leur contenu que leur pertinence.<\/p>\n<p>Liens entrants : Le propri\u00e9taire du site autorise les liens hypertextes vers l\u2019une des pages de ce site, \u00e0 condition que ceux-ci ouvrent une nouvelle fen\u00eatre et soient pr\u00e9sent\u00e9s de mani\u00e8re non \u00e9quivoque afin d\u2019\u00e9viter: tout risque de confusion entre le site citant et le propri\u00e9taire du site, ainsi que toute pr\u00e9sentation tendancieuse, ou contraire aux lois en vigueur. Le propri\u00e9taire du site se r\u00e9serve le droit de demander la suppression d\u2019un lien s\u2019il estime que le site source ne respecte pas les r\u00e8gles ainsi d\u00e9finies.<\/p>\n<p><strong>Donn\u00e9es personnelles<\/strong><br \/>L\u2019\u00e9diteur du site s\u2019engage \u00e0 mettre en oeuvre un traitement de vos donn\u00e9es personnelles respectueux de votre vie priv\u00e9e et conforme \u00e0 la l\u00e9gislation fran\u00e7aise et europ\u00e9enne en vigueur.<\/p>\n<p>Plus d\u2019informations sur le traitement de vos donn\u00e9es sont disponibles \u00e0 cette adresse : mettre le lien vers la politique-de-confidentialite.<br \/>Vous reconnaissez en avoir pris connaissance pr\u00e9alablement \u00e0 toute utilisation du site.<\/p>\n<p><strong>Cookies<\/strong><br \/>L\u2019\u00e9diteur du site utilise des cookies et autres traceurs pour am\u00e9liorer votre exp\u00e9rience sur le Site.<br \/>Plus d\u2019informations sur le fonctionnement et la proc\u00e9dure \u00e0 suivre pour g\u00e9rer les cookies sont disponibles \u00e0 cette adresse : mettre le lien vers la politique-de-confidentialite.<\/p>\n<p>[\/et_pb_text][\/et_pb_column][\/et_pb_row][\/et_pb_section]<\/p>\n","protected":false},"excerpt":{"rendered":"<p>Conditions G\u00e9n\u00e9rales de Vente (CGV)EditeurLe site sarahlafon.fr est \u00e9dit\u00e9 par Sarah LAFON auto entreprise immatricul\u00e9e sous lenum\u00e9ro Siret 3441458200015Si\u00e8ge social : 28 boulevard de Lagny \u2013 77600 BUSSY ST GEORGEST\u00e9l\u00e9phone : 06 50 16 22 40Directeur de publication : LAFON Sarah H\u00e9bergeurOVH France2 rue Kellermann \u2013 59100 Roubaix \u2013 FranceT\u00e9l\u00e9phone : +33899701761 Cr\u00e9ditsConception et r\u00e9alisation [&hellip;]<\/p>\n","protected":false},"author":1,"featured_media":0,"parent":0,"menu_order":0,"comment_status":"closed","ping_status":"closed","template":"","meta":{"_et_pb_use_builder":"on","_et_pb_old_content":"","_et_gb_content_width":"","footnotes":""},"class_list":["post-513","page","type-page","status-publish","hentry"],"_links":{"self":[{"href":"https:\/\/sarahlafon.fr\/index.php\/wp-json\/wp\/v2\/pages\/513","targetHints":{"allow":["GET"]}}],"collection":[{"href":"https:\/\/sarahlafon.fr\/index.php\/wp-json\/wp\/v2\/pages"}],"about":[{"href":"https:\/\/sarahlafon.fr\/index.php\/wp-json\/wp\/v2\/types\/page"}],"author":[{"embeddable":true,"href":"https:\/\/sarahlafon.fr\/index.php\/wp-json\/wp\/v2\/users\/1"}],"replies":[{"embeddable":true,"href":"https:\/\/sarahlafon.fr\/index.php\/wp-json\/wp\/v2\/comments?post=513"}],"version-history":[{"count":8,"href":"https:\/\/sarahlafon.fr\/index.php\/wp-json\/wp\/v2\/pages\/513\/revisions"}],"predecessor-version":[{"id":602,"href":"https:\/\/sarahlafon.fr\/index.php\/wp-json\/wp\/v2\/pages\/513\/revisions\/602"}],"wp:attachment":[{"href":"https:\/\/sarahlafon.fr\/index.php\/wp-json\/wp\/v2\/media?parent=513"}],"curies":[{"name":"wp","href":"https:\/\/api.w.org\/{rel}","templated":true}]}}