{"id":542,"date":"2026-02-27T15:47:27","date_gmt":"2026-02-27T14:47:27","guid":{"rendered":"https:\/\/sarahlafon.fr\/?page_id=542"},"modified":"2026-03-20T14:07:09","modified_gmt":"2026-03-20T13:07:09","slug":"politique-de-confidentialite","status":"publish","type":"page","link":"https:\/\/sarahlafon.fr\/index.php\/politique-de-confidentialite\/","title":{"rendered":"Politique de confidentialit\u00e9"},"content":{"rendered":"<p>[et_pb_section fb_built=\u00a0\u00bb1&Prime; admin_label=\u00a0\u00bbFooter\u00a0\u00bb _builder_version=\u00a0\u00bb4.27.4&Prime; _module_preset=\u00a0\u00bbdefault\u00a0\u00bb background_color=\u00a0\u00bb#FFFFFF\u00a0\u00bb saved_tabs=\u00a0\u00bball\u00a0\u00bb locked=\u00a0\u00bboff\u00a0\u00bb collapsed=\u00a0\u00bbon\u00a0\u00bb global_colors_info=\u00a0\u00bb{}\u00a0\u00bb][et_pb_row custom_padding_last_edited=\u00a0\u00bbon|tablet\u00a0\u00bb _builder_version=\u00a0\u00bb4.27.4&Prime; _module_preset=\u00a0\u00bbdefault\u00a0\u00bb background_enable_color=\u00a0\u00bboff\u00a0\u00bb custom_padding=\u00a0\u00bb16px|80px|16px|80px|true|true\u00a0\u00bb custom_padding_tablet=\u00a0\u00bb40px|40px|40px|40px|true|true\u00a0\u00bb custom_padding_phone=\u00a0\u00bb20px|20px|20px|20px|true|true\u00a0\u00bb box_shadow_style=\u00a0\u00bbpreset1&Prime; locked=\u00a0\u00bboff\u00a0\u00bb global_colors_info=\u00a0\u00bb{}\u00a0\u00bb][et_pb_column type=\u00a0\u00bb4_4&Prime; _builder_version=\u00a0\u00bb4.20.0&Prime; _module_preset=\u00a0\u00bbdefault\u00a0\u00bb global_colors_info=\u00a0\u00bb{}\u00a0\u00bb][et_pb_text _builder_version=\u00a0\u00bb4.27.4&Prime; _module_preset=\u00a0\u00bb8240f876-b4d7-42f3-ac3a-00d01c45cbf4&Prime; text_font=\u00a0\u00bb&#8211;et_global_heading_font||||||||\u00a0\u00bb text_text_color=\u00a0\u00bb#000000&Prime; text_font_size=\u00a0\u00bb28px\u00a0\u00bb header_font=\u00a0\u00bb&#8211;et_global_heading_font||||||||\u00a0\u00bb header_text_color=\u00a0\u00bb#FFFFFF\u00a0\u00bb header_3_text_color=\u00a0\u00bb#000000&Prime; text_orientation=\u00a0\u00bbcenter\u00a0\u00bb global_colors_info=\u00a0\u00bb{}\u00a0\u00bb]<\/p>\n<h3 data-start=\"5631\" data-end=\"5649\">Politique de confidentialit\u00e9<\/h3>\n<p>[\/et_pb_text][et_pb_text _builder_version=\u00a0\u00bb4.27.4&Prime; _module_preset=\u00a0\u00bb8240f876-b4d7-42f3-ac3a-00d01c45cbf4&Prime; text_font=\u00a0\u00bb||||||||\u00a0\u00bb text_text_color=\u00a0\u00bb#000000&Prime; text_line_height=\u00a0\u00bb2.4em\u00a0\u00bb header_font=\u00a0\u00bb||||||||\u00a0\u00bb header_text_color=\u00a0\u00bb#FFFFFF\u00a0\u00bb header_3_font=\u00a0\u00bb||||||||\u00a0\u00bb header_3_text_color=\u00a0\u00bb#712f21&Prime; hover_enabled=\u00a0\u00bb0&Prime; global_colors_info=\u00a0\u00bb{}\u00a0\u00bb sticky_enabled=\u00a0\u00bb0&Prime;]<\/p>\n<p data-start=\"5631\" data-end=\"5649\">Article 1 : Pr\u00e9ambule<br \/>Cette politique de confidentialit\u00e9 s\u2019applique au site : sarahlafon.fr<br \/>La pr\u00e9sente politique de confidentialit\u00e9 a pour but d\u2019exposer aux utilisateurs du site :<br \/>&#8211; La mani\u00e8re dont sont collect\u00e9es et trait\u00e9es leurs donn\u00e9es \u00e0 caract\u00e8re personnel.<br \/>Doivent \u00eatre consid\u00e9r\u00e9es comme donn\u00e9es personnelles toutes les donn\u00e9es \u00e9tant<br \/>susceptibles d\u2019identifier un utilisateur. Il s\u2019agit notamment du pr\u00e9nom et du nom, de l\u2019\u00e2ge,<br \/>de l\u2019adresse postale, l\u2019adresse \u00e9lectronique, la localisation de l\u2019utilisateur ou encore son<br \/>adresse IP ;<br \/>&#8211; Quels sont les droits des utilisateurs concernant ces donn\u00e9es ;<br \/>&#8211; Qui est responsable du traitement des donn\u00e9es \u00e0 caract\u00e8re personnel collect\u00e9es et trait\u00e9es ;<br \/>&#8211; A qui ces donn\u00e9es sont transmises ;<br \/>&#8211; Eventuellement, la politique du site en mati\u00e8re de fichiers \u00ab cookies \u00bb.<br \/>Cette politique de confidentialit\u00e9 compl\u00e8te les mentions l\u00e9gales que les utilisateurs peuvent consulter \u00e0 l\u2019adresse ci-apr\u00e8s :<br \/>&#8211; mettre page vers les mentions-legales<\/p>\n<p>Article 2 : Principes g\u00e9n\u00e9raux en mati\u00e8re de collecte et de traitement de donn\u00e9es<br \/>Conform\u00e9ment aux dispositions de l\u2019article 5 du R\u00e8glement europ\u00e9en 2016\/679, la<br \/>collecte et le traitement des donn\u00e9es des utilisateurs du site respectent les principes<br \/>suivants :<br \/>&#8211; Lic\u00e9it\u00e9, loyaut\u00e9 et transparence : les donn\u00e9es ne peuvent \u00eatre collect\u00e9es et trait\u00e9es qu\u2019avec le consentement de l\u2019utilisateur propri\u00e9taire des donn\u00e9es. A chaque fois que des donn\u00e9es \u00e0 caract\u00e8re personnel seront collect\u00e9es, il sera indiqu\u00e9 \u00e0 l\u2019utilisateur que ses donn\u00e9es sont collect\u00e9es, et pour quelles raisons ses donn\u00e9es sont collect\u00e9es ;<br \/>&#8211; Finalit\u00e9s limit\u00e9es : la collecte et le traitement des donn\u00e9es sont ex\u00e9cut\u00e9s pour r\u00e9pondre \u00e0 un ou plusieurs objectifs d\u00e9termin\u00e9s dans les pr\u00e9sentes conditions g\u00e9n\u00e9rales d\u2019utilisation ;<br \/>&#8211; Minimisation de la collecte et du traitement des donn\u00e9es : seules les donn\u00e9es n\u00e9cessaires \u00e0 la bonne ex\u00e9cution des objectifs poursuivis par le site sont collect\u00e9es ;<br \/>&#8211; Conservation des donn\u00e9es r\u00e9duites dans le temps : les donn\u00e9es sont conserv\u00e9es pour une dur\u00e9e limit\u00e9e, dont l\u2019utilisateur est inform\u00e9. Lorsque cette information ne peut pas \u00eatre communiqu\u00e9e, l\u2019utilisateur est inform\u00e9 des crit\u00e8res utilis\u00e9s pour d\u00e9terminer la dur\u00e9e de conservation ;<br \/>&#8211; Int\u00e9grit\u00e9 et confidentialit\u00e9 des donn\u00e9es collect\u00e9es et trait\u00e9es : le responsable du traitement des donn\u00e9es s\u2019engage \u00e0 garantir l\u2019int\u00e9grit\u00e9 et la confidentialit\u00e9 des donn\u00e9es collect\u00e9es.<\/p>\n<p>Afin d\u2019\u00eatre licites, et ce conform\u00e9ment aux exigences de l\u2019article 6 du r\u00e8glement<br \/>europ\u00e9en 2016\/679, la collecte et le traitement des donn\u00e9es \u00e0 caract\u00e8re personnel ne pourront intervenir que s\u2019ils respectent au moins l\u2019une des conditions ci-apr\u00e8s \u00e9num\u00e9r\u00e9es :<br \/>&#8211; L\u2019utilisateur a express\u00e9ment consenti au traitement ;<br \/>&#8211; Le traitement est n\u00e9cessaire \u00e0 la bonne ex\u00e9cution d\u2019un contrat ;<br \/>&#8211; Le traitement r\u00e9pond \u00e0 une obligation l\u00e9gale ;<br \/>&#8211; Le traitement s\u2019explique par une n\u00e9cessit\u00e9 li\u00e9e \u00e0 la sauvegarde des int\u00e9r\u00eats vitaux de la personne concern\u00e9e ou d\u2019une autre personne physique ;<br \/>&#8211; Le traitement peut s\u2019expliquer par une n\u00e9cessit\u00e9 li\u00e9e \u00e0 l\u2019ex\u00e9cution d\u2019une mission d\u2019int\u00e9r\u00eat public ou qui rel\u00e8ve de l\u2019exercice de l\u2019autorit\u00e9 publique;<br \/>&#8211; Le traitement et la collecte des donn\u00e9es \u00e0 caract\u00e8re personnel sont n\u00e9cessaires aux fins des int\u00e9r\u00eats l\u00e9gitimes et priv\u00e9s poursuivis par le responsable du traitement ou par un tiers.<\/p>\n<p>Article 3 : Donn\u00e9es \u00e0 caract\u00e8re personnel collect\u00e9es et trait\u00e9es dans le cadre de la navigation sur le site. Donn\u00e9es collect\u00e9es er trait\u00e9es et mode de collecte Les donn\u00e9es \u00e0 caract\u00e8re personnel collect\u00e9es sur le site nimal-acupuncture.fr sont les<br \/>suivantes :<br \/>&#8211; Nom, pr\u00e9nom \u2013 Adresse \u00e9lectronique \u2013 T\u00e9l\u00e9phone \u2013 Code Postal<br \/>Ces donn\u00e9es sont collect\u00e9es lorsque l\u2019utilisateur effectue l\u2019une des op\u00e9rations suivantes sur le site :<br \/>&#8211; Lorsque le prestataire renseigne le formulaire sur la plateforme du sous-traitant pour r\u00e9server un rendez-vous en ligne (Tidycal et R\u00e9salib).<br \/>Le responsable du traitement conservera dans ses syst\u00e8mes informatiques du site et dans des conditions raisonnables de s\u00e9curit\u00e9 l\u2019ensemble des donn\u00e9es collect\u00e9es pour une dur\u00e9e de :<br \/>&#8211; Cookies d\u2019analyse des visites \u2013 Variable et jusqu\u2019\u00e0 13 mois,<br \/>&#8211; Donn\u00e9es personnelles du visiteur \u2013 5 ans.<br \/>La collecte et le traitement des donn\u00e9es r\u00e9pondent aux finalit\u00e9s suivantes :<br \/>&#8211; Pour effectuer la planification d\u2019un rendez-vous.<\/p>\n<p>Les traitements de donn\u00e9es effectu\u00e9s sont fond\u00e9s sur les bases l\u00e9gales suivantes :<br \/>&#8211; Consentement de l\u2019utilisateur.<br \/>Transmission des donn\u00e9es \u00e0 des tiers<\/p>\n<p>Les donn\u00e9es peuvent \u00eatre transmises au(x) tiers ci-apr\u00e8s \u00e9num\u00e9r\u00e9(s) :<br \/>&#8211; Plateforme de r\u00e9servation TIDYCAL,<br \/>&#8211; Plateforme de r\u00e9servation Resalib.<\/p>\n<p>H\u00e9bergement des donn\u00e9es<br \/>Le site sarahlafon.fr est h\u00e9berg\u00e9 par :<br \/>OVH, dont le si\u00e8ge est situ\u00e9 \u00e0 l\u2019adresse ci-apr\u00e8s : 2 rue Kellermann \u2013 59100 Roubaix \u2013 France<br \/>L\u2019h\u00e9bergeur peut \u00eatre contact\u00e9 au num\u00e9ro de t\u00e9l\u00e9phone suivant : +33899701761.<\/p>\n<p>Les donn\u00e9es collect\u00e9es et trait\u00e9es par le site sont exclusivement h\u00e9berg\u00e9es et trait\u00e9es en France.<\/p>\n<p>Article 4 : Responsable du traitement des donn\u00e9es Le responsable du traitement des donn\u00e9es<br \/>Le responsable du traitement des donn\u00e9es \u00e0 caract\u00e8re personnel est : LAFON Sarah.<br \/>Il peut \u00eatre contact\u00e9 de la mani\u00e8re suivante:<br \/>Le responsable du traitement des donn\u00e9es peut \u00eatre joint par mail \u00e0 l\u2019adresse suivante<br \/>sarahlafon.acupuncture@gmail.com<\/p>\n<p>Le responsable du traitement des donn\u00e9es est charg\u00e9 de d\u00e9terminer les finalit\u00e9s et les<br \/>moyens mis au service du traitement des donn\u00e9es \u00e0 caract\u00e8re personnel.<br \/>Obligations du responsable du traitement des donn\u00e9es Le responsable du traitement s\u2019engage \u00e0 prot\u00e9ger les donn\u00e9es \u00e0 caract\u00e8re personnel collect\u00e9es, \u00e0 ne pas les transmettre \u00e0 des tiers sans que l\u2019utilisateur n\u2019en ait \u00e9t\u00e9 inform\u00e9 et \u00e0 respecter les finalit\u00e9s pour lesquelles ces donn\u00e9es ont \u00e9t\u00e9 collect\u00e9es.<\/p>\n<p>De plus, le responsable du traitement des donn\u00e9es s\u2019engage \u00e0 notifier l\u2019utilisateur en cas de rectification ou de suppression des donn\u00e9es, \u00e0 moins que cela n\u2019entra\u00eene pour lui des formalit\u00e9s, co\u00fbts et d\u00e9marches disproportionn\u00e9s.<br \/>Dans le cas o\u00f9 l\u2019int\u00e9grit\u00e9, la confidentialit\u00e9 ou la s\u00e9curit\u00e9 des donn\u00e9es \u00e0 caract\u00e8re personnel de l\u2019utilisateur est compromise, le responsable du traitement s\u2019engage \u00e0 informer l\u2019utilisateur par tout moyen.<\/p>\n<p>Article 5 : Droits de l&rsquo;utilisateur<br \/>Conform\u00e9ment \u00e0 la r\u00e9glementation concernant le traitement des donn\u00e9es \u00e0 caract\u00e8re personnel, l\u2019utilisateur poss\u00e8de les droits ci-apr\u00e8s \u00e9num\u00e9r\u00e9s.<\/p>\n<p>Afin que le responsable du traitement des donn\u00e9es fasse droit \u00e0 sa demande, l\u2019utilisateur est tenu de lui communiquer : ses pr\u00e9nom et nom ainsi que son adresse \u00e9lectronique.<\/p>\n<p>Le responsable du traitement des donn\u00e9es est tenu de r\u00e9pondre \u00e0 l\u2019utilisateur dans un d\u00e9lai de 30 (trente) jours maximums.<\/p>\n<p>A. PR\u00c9SENTATION DES DROITS DE L\u2019UTILISATEUR EN MATI\u00c8RE DE COLLECTE<br \/>ET TRAITEMENT DE DONN\u00c9ES<br \/>a. Droit d\u2019acc\u00e8s, de rectification et droit \u00e0 l\u2019effacement L\u2019utilisateur peut prendre connaissance, mettre \u00e0 jour, modifier ou demander la suppression des donn\u00e9es le concernant, en respectant la proc\u00e9dure ci-apr\u00e8s \u00e9nonc\u00e9e :<br \/>&#8211; L\u2019utilisateur doit envoyer un courriel au responsable du traitement des donn\u00e9es<br \/>personnelles, en pr\u00e9cisant l\u2019objet de sa demande, \u00e0 l\u2019adresse \u00e9lectronique de contact.<br \/>b. Droit \u00e0 la portabilit\u00e9 des donn\u00e9es<br \/>L\u2019utilisateur a le droit de demander la portabilit\u00e9 de ses donn\u00e9es personnelles, d\u00e9tenues par le site, vers un autre site, en se conformant \u00e0 la proc\u00e9dure ci-apr\u00e8s :<br \/>&#8211; L\u2019utilisateur doit faire une demande de portabilit\u00e9 de ses donn\u00e9es personnelles aupr\u00e8s du responsable du traitement des donn\u00e9es en envoyant un courriel \u00e0 l\u2019adresse pr\u00e9vue ci dessus.<br \/>c. Droit \u00e0 la limitation et \u00e0 l\u2019opposition du traitement des donn\u00e9es<br \/>L\u2019utilisateur a le droit de demander la limitation ou de s\u2019opposer au traitement de ses<br \/>donn\u00e9es par le site, sans que le site ne puisse refuser, sauf \u00e0 d\u00e9montrer l\u2019existence de<br \/>motifs l\u00e9gitimes et imp\u00e9rieux, pouvant pr\u00e9valoir sur les int\u00e9r\u00eats et les droits et libert\u00e9s de l\u2019utilisateur.<br \/>Afin de demander la limitation du traitement de ses donn\u00e9es ou de formuler une opposition au traitement de ses donn\u00e9es, l\u2019utilisateur doit suivre la proc\u00e9dure suivante :<br \/>&#8211; L\u2019utilisateur doit faire une demande de limitation au traitement de ses donn\u00e9es<br \/>personnelles par courriel aupr\u00e8s du responsable du traitement des donn\u00e9es personnelles.<br \/>d. Droit de ne pas faire l\u2019objet d\u2019une d\u00e9cision fond\u00e9e exclusivement sur un proc\u00e9d\u00e9 automatis\u00e9 Conform\u00e9ment aux dispositions du r\u00e8glement 2016\/679, l\u2019utilisateur a le droit de ne pas faire l\u2019objet d\u2019une d\u00e9cision fond\u00e9e exclusivement sur un proc\u00e9d\u00e9 automatis\u00e9 si la d\u00e9cision produit des effets juridiques le concernant, ou l\u2019affecte de mani\u00e8re significative de fa\u00e7on similaire.<\/p>\n<p>e. Droit de d\u00e9terminer le sort des donn\u00e9es apr\u00e8s la mort<br \/>Il est rappel\u00e9 \u00e0 l\u2019utilisateur qu\u2019il peut organiser quel doit \u00eatre le devenir de ses donn\u00e9es collect\u00e9es et trait\u00e9es s\u2019il d\u00e9c\u00e8de, conform\u00e9ment \u00e0 la loi n\u00b02016-1321 du 7 octobre 2016.<\/p>\n<p>f. Droit de saisir l\u2019autorit\u00e9 de contr\u00f4le comp\u00e9tente<br \/>Dans le cas o\u00f9 le responsable du traitement des donn\u00e9es d\u00e9cide de ne pas r\u00e9pondre \u00e0 la demande de l\u2019utilisateur, et que l\u2019utilisateur souhaite contester cette d\u00e9cision, ou, s\u2019il pense qu\u2019il est port\u00e9 atteinte \u00e0 l\u2019un des droits \u00e9num\u00e9r\u00e9s ci-dessus, il est en droit de saisir la CNIL (Commission Nationale de l\u2019Informatique et des Libert\u00e9s, https:\/\/www.cnil.fr) ou tout juge comp\u00e9tent.<\/p>\n<p>B. DONN\u00c9ES PERSONNELLES DES PERSONNES MINEURES<br \/>Conform\u00e9ment aux dispositions de l\u2019article 8 du r\u00e8glement europ\u00e9en 2016\/679 et \u00e0 la loi<br \/>Informatique et Libert\u00e9s, seuls les mineurs \u00e2g\u00e9s de 15 ans ou plus peuvent consentir au traitement de leurs donn\u00e9es personnelles.<\/p>\n<p>Si l\u2019utilisateur est un mineur de moins de 15 ans, l\u2019accord d\u2019un repr\u00e9sentant l\u00e9gal sera<br \/>requis afin que des donn\u00e9es \u00e0 caract\u00e8re personnel puissent \u00eatre collect\u00e9es et trait\u00e9es. L\u2019\u00e9diteur du site se r\u00e9serve le droit de v\u00e9rifier par tout moyen que l\u2019utilisateur est \u00e2g\u00e9 de plus de 15 ans, ou qu\u2019il aura obtenu l\u2019accord d\u2019un repr\u00e9sentant l\u00e9gal avant de naviguer sur le site.<\/p>\n<p>Article 6 : Utilisation des fichiers Cookies<br \/>Les cookies am\u00e9liorent l\u2019acc\u00e8s \u00e0 mon site et identifient les visiteurs r\u00e9guliers. En outre, les cookies am\u00e9liorent l\u2019exp\u00e9rience d\u2019utilisateur gr\u00e2ce au suivi et au ciblage de ses int\u00e9r\u00eats. Cependant, cette utilisation des cookies n\u2019est en aucune fa\u00e7on li\u00e9e \u00e0 des informations personnelles identifiables sur notre site.<br \/>De mani\u00e8re plus g\u00e9n\u00e9rale, il est port\u00e9 \u00e0 la connaissance de l\u2019utilisateur qu\u2019il peut s\u2019opposer \u00e0 l\u2019enregistrement de ces fichiers \u00ab cookies \u00bb en configurant son logiciel de navigation.<\/p>\n<p>Pour information, l\u2019utilisateur peut trouver aux adresses suivantes les d\u00e9marches \u00e0<br \/>suivre afin de configurer son logiciel de navigation pour s\u2019opposer \u00e0 l\u2019enregistrement des fichiers \u00ab cookies \u00bb :<br \/>&#8211; Chrome : https:\/\/support.google.com\/accounts\/answer\/61416?hl=fr<br \/>&#8211; Firefox : https:\/\/support.mozilla.org\/fr\/kb\/enable-and-disable-cookies-website<br \/>preferences<br \/>&#8211; Safari : http:\/\/www.apple.com\/legal\/privacy\/fr-ww\/<br \/>&#8211; Internet Explorer : https:\/\/support.microsoft.com\/fr-fr\/help\/17442\/windows-internet<br \/>explorer-delete-manage-cookies<br \/>&#8211; Opera : http:\/\/www.opera.com\/help\/tutorials\/security\/cookies\/<br \/>Dans le cas o\u00f9 l\u2019utilisateur d\u00e9cide de d\u00e9sactiver les fichiers \u00ab cookies \u00bb, il pourra poursuivre sa navigation sur le site. Toutefois, tout dysfonctionnement du site provoqu\u00e9 par cette manipulation ne pourrait \u00eatre consid\u00e9r\u00e9 comme \u00e9tant du fait de l\u2019\u00e9diteur du site.<\/p>\n<p>b. Description des fichiers \u00ab cookies \u00bb utilis\u00e9s par le site<br \/>En naviguant sur le site, il est port\u00e9 \u00e0 la connaissance de l\u2019utilisateur que des fichiers \u00ab cookies \u00bb de tiers peuvent \u00eatre enregistr\u00e9s. Si l\u2019utilisateur souhaite connaitre le d\u00e9tail des cookies susceptibles d\u2019\u00eatre utilis\u00e9s, il peut adresser une demande \u00e0 l\u2019\u00e9diteur du site :<br \/>&#8211; En adressant un courriel \u00e0 l\u2019adresse \u00e9lectronique \u00e0 <a href=\"mailto:caroline@nimal-acupuncture.fr\">caroline@nimal-acupuncture.fr<\/a> L\u2019attention de l\u2019utilisateur est port\u00e9e sur le fait que ces sites disposent de politiques de<br \/>confidentialit\u00e9 propres et de conditions g\u00e9n\u00e9rales d\u2019utilisation possiblement diff\u00e9rentes du site. L\u2019\u00e9diteur du site invite les utilisateurs \u00e0 consulter les politiques de confidentialit\u00e9 et les conditions g\u00e9n\u00e9rales d\u2019utilisation de ces sites.<\/p>\n<p>Article 7 : Conditions de modification de la politique de confidentialit\u00e9<br \/>La pr\u00e9sente politique de confidentialit\u00e9 peut \u00eatre consult\u00e9e \u00e0 tout moment \u00e0 l\u2019adresse ci apr\u00e8s indiqu\u00e9e :<br \/>&#8211; lien vers la politique de confidentialit\u00e9<br \/>L\u2019\u00e9diteur du site se r\u00e9serve le droit de la modifier afin de garantir sa conformit\u00e9 avec le<br \/>droit en vigueur.<\/p>\n<p>Par cons\u00e9quent, l\u2019utilisateur est invit\u00e9 \u00e0 venir consulter r\u00e9guli\u00e8rement cette politique de confidentialit\u00e9 afin de se tenir inform\u00e9 des derniers changements qui lui seront apport\u00e9s.<\/p>\n<p>Il est port\u00e9 \u00e0 la connaissance de l\u2019utilisateur que la derni\u00e8re mise \u00e0 jour de la pr\u00e9sente<br \/>politique de confidentialit\u00e9 est intervenue le : 15\/02\/2026.<br \/>Article 8 : Acceptation par l&rsquo;utilisateur de la politique de confidentialit\u00e9<\/p>\n<p>En naviguant sur le site, l\u2019utilisateur atteste avoir lu et compris la pr\u00e9sente politique de<br \/>confidentialit\u00e9 et en accepte les conditions, en ce qui concerne plus particuli\u00e8rement la<br \/>collecte et le traitement de ses donn\u00e9es \u00e0 caract\u00e8re personnel, ainsi que l\u2019utilisation de fichiers \u00ab cookies \u00bb.<br \/>En utilisant ce site, vous consentez \u00e0 la politique de confidentialit\u00e9.<\/p>\n<p>[\/et_pb_text][\/et_pb_column][\/et_pb_row][\/et_pb_section]<\/p>\n","protected":false},"excerpt":{"rendered":"<p>Politique de confidentialit\u00e9Article 1 : Pr\u00e9ambuleCette politique de confidentialit\u00e9 s\u2019applique au site : sarahlafon.frLa pr\u00e9sente politique de confidentialit\u00e9 a pour but d\u2019exposer aux utilisateurs du site :- La mani\u00e8re dont sont collect\u00e9es et trait\u00e9es leurs donn\u00e9es \u00e0 caract\u00e8re personnel.Doivent \u00eatre consid\u00e9r\u00e9es comme donn\u00e9es personnelles toutes les donn\u00e9es \u00e9tantsusceptibles d\u2019identifier un utilisateur. Il s\u2019agit notamment du [&hellip;]<\/p>\n","protected":false},"author":1,"featured_media":0,"parent":0,"menu_order":0,"comment_status":"closed","ping_status":"closed","template":"","meta":{"_et_pb_use_builder":"on","_et_pb_old_content":"","_et_gb_content_width":"","footnotes":""},"class_list":["post-542","page","type-page","status-publish","hentry"],"_links":{"self":[{"href":"https:\/\/sarahlafon.fr\/index.php\/wp-json\/wp\/v2\/pages\/542","targetHints":{"allow":["GET"]}}],"collection":[{"href":"https:\/\/sarahlafon.fr\/index.php\/wp-json\/wp\/v2\/pages"}],"about":[{"href":"https:\/\/sarahlafon.fr\/index.php\/wp-json\/wp\/v2\/types\/page"}],"author":[{"embeddable":true,"href":"https:\/\/sarahlafon.fr\/index.php\/wp-json\/wp\/v2\/users\/1"}],"replies":[{"embeddable":true,"href":"https:\/\/sarahlafon.fr\/index.php\/wp-json\/wp\/v2\/comments?post=542"}],"version-history":[{"count":5,"href":"https:\/\/sarahlafon.fr\/index.php\/wp-json\/wp\/v2\/pages\/542\/revisions"}],"predecessor-version":[{"id":601,"href":"https:\/\/sarahlafon.fr\/index.php\/wp-json\/wp\/v2\/pages\/542\/revisions\/601"}],"wp:attachment":[{"href":"https:\/\/sarahlafon.fr\/index.php\/wp-json\/wp\/v2\/media?parent=542"}],"curies":[{"name":"wp","href":"https:\/\/api.w.org\/{rel}","templated":true}]}}